 + (5 - 3 - (d - -9))?
7
Let w(p) = p**3 - 2*p**2 - 2*p. Let o be w(0). Suppose 2*v - 585 + 69 = o. What is the units digit of v?
8
Let s(r) = r**2 - 25. Let f be s(5). Suppose -6*g + 221 + 895 = f. Suppose 2*z + g = 8*z. What is the units digit of z?
1
Let i(y) = 7*y**2 + 25*y + 33. Let g(m) = 19*m**2 + 75*m + 97. Let s(u) = -3*g(u) + 8*i(u). What is the units digit of s(-18)?
9
Suppose 18 = -5*m - 4*g, 0*m + 2*m - g = -2. Let t be -556*(-2 - 2/m). Suppose 2*b + t = 2*w, 0 = -w - b - 0*b + 270. What is the hundreds digit of w?
2
Suppose -13*t + 21*t - 7904 = 0. What is the tens digit of t?
8
Suppose -14*w - 10*w = -205488. Suppose -1708 + w = 23*k. What is the tens digit of k?
9
Let j = 80 + -56. Suppose -4356 = -j*w + 6*w. What is the tens digit of w?
4
Suppose 5*g = -62*c + 64*c + 43905, -2*g + 17562 = -4*c. What is the hundreds digit of g?
7
Suppose 8*u - 1 = 7. Let f be (-6)/(-4)*-94*(0 + u). Let m = f + 370. What is the units digit of m?
9
Suppose 2*q - w = -16, 0 = q + 2*w - 6*w + 22. Let k = q + 12. Suppose -k*z + 360 = -132. What is the units digit of z?
2
Suppose -3*u = 5*j - 9131, 0 = 3*u - 5*j - 2937 - 6214. What is the thousands digit of u?
3
Let x be 64 + -41 - (0 - -1). Suppose -u + 22 = -3*a - x, 3*u - 102 = -a. What is the units digit of u?
5
Suppose -9*y = 6*y - 90. Let r be -2446*2*2/(-8). Suppose -r = -y*x - 407. What is the tens digit of x?
3
Suppose 1086 = 7*d - 524. Suppose 3*l - 5*i + d = 0, l - 3*i = 6*l + 338. Let c = l + 186. What is the hundreds digit of c?
1
Suppose -136098 = 28*o - 0*o - 588270. What is the ten thousands digit of o?
1
Let k = -17007 + 46679. What is the tens digit of k?
7
Let w = -187 + 203. Suppose 9*n - 14*n = 0. Suppose -h - 2*h + 116 = o, -4*h + w = n. What is the units digit of o?
4
Let p(z) = -289*z - 595. What is the thousands digit of p(-36)?
9
Let y be (63/(-28))/((-3)/8). Suppose h - y*h - 230 = 0. Let n = 0 - h. What is the units digit of n?
6
Suppose -4*c = 5*t - 4566, -3*t + 8*t = c + 4546. Suppose 5*l = 1010 + t. What is the hundreds digit of l?
3
Suppose 4*u = -3*g - 1348, 0 = 4*u - 4*g - 85 + 1461. Let p = 584 + u. What is the hundreds digit of p?
2
Let y = 762 + -1193. What is the tens digit of (-2 - -1)/(-1) + (-16 - y)?
1
Let x(l) = l**2 - 9*l + 18. Let b be x(3). Suppose u - 1941 = -4*j + 752, b = 4*j + 5*u - 2697. What is the units digit of j?
3
Let g(o) = -246*o + 1425. What is the thousands digit of g(-169)?
2
Suppose -4*b - 135270 = -31*b. What is the tens digit of b?
1
What is the tens digit of (-6 + -13221)/(-1) - ((-8)/(-4) + -2)?
2
Let i = -579 - -511. Let v(x) = -84*x**3 + 2*x - 1. Let l be v(1). Let w = i - l. What is the tens digit of w?
1
Suppose v + 3*d = 4480, -11*d = -2*v - 15*d + 8954. What is the thousands digit of v?
4
Let u be 3047*(0 - (-8)/8). Let s = 4638 - u. What is the tens digit of s?
9
Let c(o) = -o**3 + 13*o**2 - 7*o + 1. Let r be c(11). Let j = r + 403. Suppose -5*m = 64 - j. What is the units digit of m?
1
Let t(a) = 11*a**2 + 17*a. Let y be 4/14 - (-33)/7. What is the units digit of t(y)?
0
Let o(a) = -57*a + 346. Let x be o(8). Let f = -10 - -7. What is the units digit of -1*(f + x) - -3?
6
Suppose 5359 = 2*i - 3*y, -10*y - 13409 = -5*i - 14*y. What is the units digit of i?
1
Let f = -954 - -7008. What is the units digit of f?
4
Let y(h) = 2*h**3 + 4. Let u be y(0). Suppose 6*a - u*a = 880. What is the tens digit of a?
4
Let j be (-282170)/350 - 2/(-10). Let c = j + 1159. What is the tens digit of c?
5
Suppose -15*j = -101*j + 371875 + 431881. What is the thousands digit of j?
9
Let q be 4 - 4/(-3) - 3/9. Suppose q*m - 260 - 370 = -5*a, 516 = 4*a - 2*m. What is the hundreds digit of a?
1
Let y be (-4)/18 + 266/(-18). Let n(a) = 68*a - 615. Let j be n(8). What is the units digit of j/(-2) - (y/(-2))/(-5)?
7
What is the units digit of (-4)/6 - (-2379189)/369?
7
Let v(r) = 7*r**3 + 4*r**2 - 23*r - 27. Let i be v(7). Suppose -5*p + i = 3*t, -4*p + p + 7*t + 1419 = 0. What is the units digit of p?
0
Let x = 809 + 1836. What is the hundreds digit of x?
6
Let h(d) = -15*d**2 - 8*d + 37. Let j(k) = 7*k**2 + 4*k - 18. Let m(n) = 2*h(n) + 5*j(n). What is the hundreds digit of m(-11)?
5
Let t(m) = -15*m + 934. Let j = 134 + -134. What is the hundreds digit of t(j)?
9
Let s = -14 + 8. Let f = -8 - s. What is the units digit of (-4386)/(-54) - f/(-9)?
1
Let m = -42 - -53. Suppose -9*s - m = 16. What is the units digit of (-10)/(25/5) - 75/s?
3
Suppose -5*p = -2*b - 625, 3*p - b = 512 - 138. Suppose -p*r + 117*r = -126. What is the units digit of r?
1
Suppose h - 5*c - 17 = 0, -2*c = -3*c + 1. Suppose -h*p = -19*p - 4*o - 778, 1340 = 5*p + 2*o. What is the units digit of p?
6
Let q = -2 - -17. Suppose -18 = -4*i - 5*k, 3*k + q - 2 = i. Suppose -x + i*x - 354 = 0. What is the units digit of x?
9
Suppose 38 = 3*b + 35. Let w be b/4*-2*64. Let n = 62 + w. What is the units digit of n?
0
Let o = 145 - 142. What is the tens digit of o/(27/(-6)) - (-1040)/48?
2
Suppose -54*u = -38*u + 1152. Let p be (-200)/(-6)*(-3)/2. Let n = p - u. What is the units digit of n?
2
What is the units digit of (-265)/530 - (2/4 + (-3 - 2018))?
0
Suppose 15*r = 16*r - 23. Let b = r - -339. What is the units digit of b?
2
Let q be 50/175 - (-5806)/14. Suppose 3675 = 10*g + q. What is the tens digit of g?
2
Let z(l) = -27*l + 6. Suppose 2*i + j - 12 = -0*i, 4*j + 8 = -i. Suppose -r = 3*r + i. What is the tens digit of z(r)?
6
Suppose -4*h = -2*s + 2414, 11*s - 5995 = 6*s + 2*h. What is the hundreds digit of s?
1
Let j(z) = 4*z + 50. Let t be j(-11). Suppose -y + t*y = -5. What is the units digit of ((-178)/(-4))/(y/(-2))?
9
Let k = 2074 + 173. What is the tens digit of k?
4
What is the thousands digit of 44858/4 + (60/(-210))/(12/(-21))?
1
Let g(z) = -z**3 + 82*z**2 - 61*z + 1966. What is the units digit of g(75)?
6
Suppose -10*w - 2398 = 1672. Let f = -81 - w. What is the hundreds digit of f?
3
Let o be -17119*(2 - 3) - -2. Suppose o = 36*b - 45375. What is the hundreds digit of b?
7
Let z(n) = 9*n + 123. Suppose -5*r + b + 41 + 7 = 0, -5*r + 2*b = -51. What is the hundreds digit of z(r)?
2
Suppose 360 = 2*n - 278. Suppose -44 = 5*f - n. Suppose -3*d + f = -200. What is the units digit of d?
5
What is the units digit of 7*2/(-63) + ((-18335)/(-9) - -3)?
0
Suppose -296*x + 143*x + 28782 = -150*x. What is the thousands digit of x?
9
Let j(f) = 43 - 3*f**2 - 93 + 0*f - 110*f**3 - 7*f + 46. What is the units digit of j(-2)?
8
Let w = 3021 + -783. What is the hundreds digit of w?
2
Let f(m) = 132*m - 228. What is the thousands digit of f(35)?
4
Suppose -93*b + 42*b + 4300288 = 97*b. What is the thousands digit of b?
9
Suppose 0*l + 3356069 = 237*l - 4169392. What is the hundreds digit of l?
7
Suppose -315 = 281*z - 274*z. What is the tens digit of z/30 + (205/2 - -2)?
0
Suppose -107*x + 46*x + 7772661 = 56*x. What is the thousands digit of x?
6
Let r(v) = v**2 - 43*v - 65. Let s be r(44). What is the units digit of ((-18020)/119)/(2/s)?
0
Let b(a) = -1014*a - 7966. What is the hundreds digit of b(-25)?
3
Suppose -7*u = -5*u. Suppose 2*a + a = 4*t, u = 5*t. What is the tens digit of 5 + 49 - (a + 4)?
5
Let w(p) = 2*p**2 + 19184*p - 1 - 19184*p + 139*p**3. What is the hundreds digit of w(1)?
1
Suppose -58075 = -21*p - 2*p. What is the tens digit of p?
2
Suppose 0 = -270*l + 275*l - 67235. What is the hundreds digit of l?
4
What is the thousands digit of ((-18072)/12 - 6)*1/3*-2?
1
Suppose 2 + 306 = -22*q. Let z(s) = -s**3 - 9*s**2 + 33*s + 24. What is the tens digit of z(q)?
4
Suppose -3*k + 0*k - 78 = 0. Let p = 5 + k. What is the units digit of (p/(-12) + -1)*(5 + 27)?
4
Let g be ((-639)/(-6))/((-18)/(-12)). Let m(y) = -12*y**2 - 6*y - 5. Let o be m(-2). Let n = o + g. What is the units digit of n?
0
Let y(d) = -d**3 - d**2 + 4*d + 172. Let v be y(0). Let h = 430 + v. What is the tens digit of h?
0
Suppose 11 = r + 11. Suppose -6 - 4 = 2*t, r = -4*d - 4*t - 376. Let m = 68 - d. What is the units digit of m?
7
Suppose -39*n + 180446 = -35846 - 138881. What is the hundreds digit of n?
1
Let u be (-360 + 0)*(-36)/(-90). Let r = u + 1115. What is the hundreds digit of r?
9
Suppose -36*o = -52*o + 9472. Let l = o + 117. What is the hundreds digit of l?
7
Let n(l) = -l**3 + 45*l**2 - 78*l - 1